(-452)). Suppose 2*u = d + b. Is u a composite number?
True
Suppose 21657922 = -184*m + 272918570. Is m prime?
True
Suppose 6*l - l = -2*s + 47669, 4*l - 38124 = 4*s. Let r = 17978 - l. Suppose -r = -8*t + 3*t. Is t a prime number?
False
Let u(i) = -110*i**2 + 333*i**2 - 108*i**2 - 19*i + 9 - 105*i**2. Let r = 21 - 13. Is u(r) prime?
False
Let p(k) = 79*k - 33. Let t be p(1). Is ((-3)/((-15)/t))/(22/29755) composite?
True
Let f = -147 - -149. Let c be 13/f*5508/34. Let h = c + -440. Is h composite?
False
Suppose -45 - 59 = -4*j. Suppose 0 = 17*c - j*c + 8109. Is c a composite number?
True
Suppose -18*q - 11*q = 903367 - 19287134. Is q a prime number?
True
Let a(t) = 4*t**3 + 189*t**2 + 100*t + 66. Is a(37) composite?
False
Let n(y) = 2209*y**2 - 94*y + 389. Is n(4) a prime number?
False
Let y be (-10)/(-3)*(-63)/(-35). Suppose -5*g + 14 + 16 = -5*r, -3*g - 3*r = y. Suppose 2538 = 2*i + 4*w, -2546 = -3*i + i - g*w. Is i a prime number?
True
Suppose 0 = -f - 142*r + 146*r + 170047, 3*f + r - 510193 = 0. Is f composite?
False
Let t(x) = 2*x + 41. Let a be t(0). Let w be (8/16)/((-3)/(-30)). Let z = a + w. Is z composite?
True
Suppose -547189 - 2602009 = 2*o - 28*o. Is o a composite number?
False
Suppose -2*u - 465 = -5*q, 0*u - 5*u = 0. Let j = -82 + q. Suppose j*c - 2746 = 9*c. Is c a composite number?
False
Let c = -60553 + 28878. Let z = -19694 - c. Is z a composite number?
False
Let u(z) = -8249*z - 18. Let k(a) = 2749*a + 6. Let n(b) = 8*k(b) + 3*u(b). Is n(-1) prime?
True
Suppose -44*m = -42*m + 2602. Let f = -646 - m. Is f a composite number?
True
Suppose 414*c - 34*c - 4967077 = 427783. Is c prime?
True
Suppose -4*n - 33841 = -21*l + 18*l, n - 22579 = -2*l. Is l composite?
False
Suppose -872 - 1128 = -8*k. Let l = k - -91. Is l prime?
False
Let a = -3248 - -7049. Let s = -1351 + a. Suppose -5*h + s = -5535. Is h a prime number?
True
Suppose 0 = 8*c - 6842 - 9294. Is c composite?
False
Suppose -r = -7*i + 4*i - 41912, r = -6*i + 41957. Is r a prime number?
True
Let g(h) = -127*h**2 - 4*h + 7. Let u(c) = -253*c**2 - 10*c + 14. Let p(k) = 5*g(k) - 3*u(k). Is p(4) composite?
False
Let y(s) = -1573*s - 2. Suppose f - 3 + 4 = 0. Let c be y(f). Suppose -3495 = -5*m + 5*v, 0 = -2*m + v + c - 177. Is m composite?
True
Suppose -5*t + 910760 = -f, 182163 = -11*t + 12*t + 2*f. Is t a composite number?
True
Is 2*(-4)/108 - 29043534/(-162) a composite number?
False
Is 2/(-9 + (-21132661)/(-2348071)) composite?
False
Is (-6)/(-4)*((-13141492)/(-42))/13 composite?
True
Let z(w) = 536*w**3 - 3*w**2 - 10*w + 67. Is z(4) prime?
True
Let d be 4/(-4) + 0 + 169. Suppose 0 = -4*l - d - 148. Let q = l - -112. Is q a prime number?
False
Let q(l) = -6*l**3 - 15*l**2 + 63*l + 29. Is q(-15) composite?
False
Is 13 + 1497610/10 - 15 composite?
False
Suppose 3*h = -3 + 12. Let v(c) = 4*c**2 - 17*c - 10. Let w be v(5). Suppose 0 = -4*f + h*f - w*k + 208, -3*k = 9. Is f prime?
True
Suppose -13*a + 8*a - 9800 = 0. Let z(v) = -146*v + 63. Let u be z(9). Let l = u - a. Is l a prime number?
True
Let z be ((-23166)/(-11))/((-6)/8*-1). Let m = -705 + z. Is m prime?
False
Let m(g) = g**2 - 9*g - 23. Let b = -360 + 343. Is m(b) composite?
False
Let r = -129 + -15. Is -2*(-2)/(-24) + (-671496)/r a prime number?
True
Suppose v = 35 + 2145. Let t = -578 + 1127. Let z = v - t. Is z a composite number?
True
Suppose -36*k = -33*k + 597. Let c = k + 578. Is c prime?
True
Let b(i) = -14 - 153*i + 141*i + 164*i**2 + 76*i**2. Is b(-3) prime?
False
Suppose 0 = -y - 4*x + 14257, -5*y + x + 71193 = -2*x. Let v = -8234 + y. Is v a prime number?
True
Suppose -2*f + 3*n = 2*f - 5606, 0 = 4*f + 4*n - 5592. Is f/63 + (-4)/18 composite?
True
Is 2/(31/((-79495191)/(-18))) a prime number?
False
Let c = 1571558 - 941875. Is c a composite number?
False
Is (((-54917)/3)/1)/(-16 - 423/(-27)) a prime number?
True
Let c = 50 + 492. Let m = c + -123. Is m a composite number?
False
Let r = 7 + -7. Suppose 22*o - 27*o + 27805 = r. Is o prime?
False
Let y = 7332 - -18835. Is y prime?
False
Let d = 223 - -211. Suppose f = 4*j - 1193, 0 = 3*j - 4*f - d - 464. Is j a prime number?
False
Let r = 2248050 + -980569. Is r composite?
False
Suppose 29*y - 2*o = 26*y + 191149, -2*y = o - 127442. Is y composite?
False
Let l(i) = i**2 + 8*i + 31. Let d be l(-7). Is 547/2 + 12/d a prime number?
False
Let h = -977176 + 1599240. Suppose -13*k - 3*k = -h. Is k a prime number?
False
Suppose 15*w - 29363 - 61605 = 72487. Is w a prime number?
False
Let m(x) = -8*x**3 - 13*x**2 + 78*x + 1. Is m(-26) a composite number?
False
Suppose -z - 3*n + 93055 = -8752, 0 = 7*z + 2*n - 712535. Is z prime?
True
Suppose -5*r = 209 - 204, -3*h + 2*r + 1307453 = 0. Is h prime?
True
Let h(z) = z**3 - 41*z**2 - 58*z - 3. Is h(53) composite?
False
Let l(v) = 6*v - 46. Let f be l(10). Let m(g) = 6*g**3 - 11*g**2 - 18*g + 129. Is m(f) a composite number?
True
Let t = 249 - 350. Let h = t - -107. Suppose 3*a - q = -h*q + 15536, 0 = -2*a + q + 10353. Is a composite?
True
Let s(z) = 5308*z - 10465. Is s(44) a composite number?
False
Suppose 19 = 3*r + 10. Suppose r*c - 6*c = -5961. Is c composite?
False
Let y(g) = -531*g**2 + 9*g + 36. Let h be y(-4). Let v = 16265 + h. Is v prime?
False
Suppose -19*q + 18*q + 33298 = -5*v, 2*q - 27*v = 66511. Is q a composite number?
True
Let g(w) = 7*w**2 + 17*w + 15. Let h(i) = 8*i**2 + 19*i + 20. Let x(o) = 5*g(o) - 4*h(o). Suppose m - 2*m = -7. Is x(m) prime?
False
Is -1*8903511/(-21) - 32/(-112) prime?
True
Let o = -317 - -316. Is (o + 2)/((24/(-45604))/(-6)) a prime number?
False
Suppose 80 = 2*v + 3*v. Let a = v + -13. Suppose -a*q + 129 = -30. Is q prime?
True
Suppose 0 = 12*q - 4*m - 1006390 - 420754, 5*q + m = 594662. Is q a composite number?
False
Suppose 0 = 7*w - 38 - 53. Let s(f) = -91*f**2 + 15*f + 37. Let t(l) = 45*l**2 - 7*l - 19. Let n(m) = w*t(m) + 6*s(m). Is n(12) a prime number?
False
Let z be (1 + -5)/((-5)/((-20)/(-1))). Let s = z + -13. Suppose -5*q = 5*c - 1575, 638 = 5*c - s*c - 2*q. Is c prime?
True
Let w = 107 - 94. Suppose 0 = w*r - 61280 - 75012. Suppose -15*a - 1829 + r = 0. Is a a composite number?
False
Suppose -10033 + 2703376 + 225637 = 20*i. Is i prime?
True
Let a be (-4)/(-16) - 33/(-12). Let d(t) = 247*t**2 + 1 + 4 + 457*t - 5 - 441*t. Is d(a) a composite number?
True
Suppose -2*i = -5*r + 59, -4*r = 18 - 22. Suppose -2*g = g - 318. Let x = g + i. Is x prime?
True
Suppose 0*f = -p + f - 36, 0 = -3*p - 4*f - 73. Let o = p + 33. Suppose -t = -3*i + t + 18527, 0 = o*t + 8. Is i composite?
False
Let y be (-22)/(-33)*45/2. Let z(w) = 11*w - 13 + y - w**3 + 14 + 0*w**2 + w**2. Is z(-7) a composite number?
False
Let h(u) = 73*u**2 + 12*u + 25. Is h(-2) composite?
False
Suppose u = -2*s + 88387, -94026 = -u + 3*s - 5659. Is u a prime number?
True
Suppose -158 = -4*g - 26. Suppose -28*c = -g*c + 13885. Is c a composite number?
False
Let q be (-1)/2 + ((-4)/(-8) - 0). Suppose 0 = -5*c + c - 4, -2*y = 3*c - 1. Suppose 4*i - p - 2696 = q, -2*i - y*p = 3*p - 1326. Is i a composite number?
False
Suppose 2*j - 3*r = -9, 0*r - 5*r + 15 = -3*j. Suppose j = -3*v - 2*y + 91329, 27871 - 119215 = -3*v + 3*y. Is v composite?
True
Suppose -6*h + 2*h + 2*p + 8 = 0, 8 = -2*h + 4*p. Suppose -4*j - 3*y = -23, 15 = h*y - y. Is ((3 - j) + 0)*733 a prime number?
True
Suppose 2*y - 1385 = -1375. Is (-20649 + 0)/(y + (-13)/2) prime?
False
Let l(a) = -a**3 - 27*a**2 - 33*a + 69. Let q(w) = -52*w + 24. Let s be q(1). Is l(s) prime?
True
Let v(m) be the first derivative of 350*m**3/3 + 3*m**2/2 + 3*m + 652. Let a be 9/(-4) - (-1)/4. Is v(a) prime?
False
Let o = -64029 - -501710. Is o composite?
False
Let w = 102 - 95. Suppose -2*f + 6 - 2 = 0. Suppose k = -f*d + 559, 1405 = 5*d + w*k - 3*k. Is d a composite number?
False
Is 30273*((-1)/(-3) + -47 + 47) prime?
True
Suppose -5*g - 3*u - 669 + 46575 = 0, -2*g - 5*u + 18370 = 0. Suppose -5*b + 5*i + 22985 = 0, -5*i + g = 7*b - 5*b. Is b composite?
True
Is 177/708 - (-1 + 182807/(-4)) a composite number?
True
Let k(m) = -m**3 + 17*m**2 + 39*m - 16. Let b be k(19). Let d(i) = -i - 3. Let l be d(-5). Suppose -b*r + l*r + 853 = 0. Is r composite?
False
Let t(c) = 101*c**2 + 13*c + 24. Let d be t(-2). Let b be 51/(-34)*(-1268)/6. Let n = d + b. Is n composite?
False
Su